{"id":1024,"date":"2020-03-15T17:16:53","date_gmt":"2020-03-15T20:16:53","guid":{"rendered":"https:\/\/isfd2-bue.infd.edu.ar\/sitio\/?page_id=1024"},"modified":"2025-02-23T11:06:43","modified_gmt":"2025-02-23T14:06:43","slug":"alumnos-formularios-2","status":"publish","type":"page","link":"https:\/\/isfd2-bue.infd.edu.ar\/sitio\/alumnos-formularios-2\/","title":{"rendered":"Alumnos &#8211; Formularios"},"content":{"rendered":"<p><a href=\"https:\/\/isfd2-bue.infd.edu.ar\/sitio\/wp-content\/uploads\/2021\/02\/Solicitud-de-Inscripci\u00f3n.pdf\">Solicitud de Inscripci\u00f3n<\/a><\/p>\n<p>Solicitud de Pase<\/p>\n<p><a href=\"https:\/\/isfd2-bue.infd.edu.ar\/sitio\/wp-content\/uploads\/2020\/03\/A-7-Constanciade-alumno-regular.pdf\">A 7 &#8211; Constanciade alumno regular<\/a><\/p>\n<p><a href=\"https:\/\/isfd2-bue.infd.edu.ar\/sitio\/wp-content\/uploads\/2020\/03\/A-8-Constancia-de-asistencia-a-examenes.pdf\">A 8 &#8211; Constancia de asistencia a examenes<\/a><\/p>\n<p><a href=\"https:\/\/isfd2-bue.infd.edu.ar\/sitio\/wp-content\/uploads\/2020\/03\/A-9a-Constancia-de-Porcentaje-de-Materias.pdf\">A 9a &#8211; Constancia de Porcentaje de Materias<\/a><\/p>\n<p><a href=\"https:\/\/isfd2-bue.infd.edu.ar\/sitio\/wp-content\/uploads\/2020\/03\/A-10-Certificado-Anal\u00edtico-de-Materias-Aprobadas.pdf\">A 10 &#8211; Certificado Anal\u00edtico de Materias Aprobadas<\/a><\/p>\n<p><a href=\"https:\/\/isfd2-bue.infd.edu.ar\/sitio\/wp-content\/uploads\/2020\/03\/A-11-Constancia-de-observaci\u00f3n-o-Pr\u00e1cticas.pdf\">A 11 &#8211; Constancia de observaci\u00f3n o Pr\u00e1cticas<\/a><\/p>\n<p><a href=\"https:\/\/isfd2-bue.infd.edu.ar\/sitio\/wp-content\/uploads\/2020\/03\/A-12-Certificado-de-T\u00edtulo-en-tr\u00e1mite.pdf\">A 12 &#8211; Certificado de T\u00edtulo en tr\u00e1mite<\/a><\/p>\n<p><a href=\"https:\/\/isfd2-bue.infd.edu.ar\/sitio\/wp-content\/uploads\/2020\/03\/A-14-Solicitud-de-equivalencias-resumen.pdf\">A 14 &#8211; Solicitud de equivalencias &#8211; resumen<\/a><\/p>\n<p><a href=\"https:\/\/isfd2-bue.infd.edu.ar\/sitio\/wp-content\/uploads\/2020\/03\/A-14a-Solicitud-de-equivalencia-planilla-por-asignatura.pdf\">A 14a &#8211; Solicitud de equivalencia &#8211; planilla por asignatura<\/a><\/p>\n<p><a href=\"https:\/\/docs.google.com\/document\/d\/1CmGjbB3bVBlGGXcLg8lmPhE9DoCE800X\/edit?usp=sharing&amp;ouid=110526247841712357449&amp;rtpof=true&amp;sd=true\">MODELO de NOTA<\/a><\/p>\n","protected":false},"excerpt":{"rendered":"<p>Solicitud de Inscripci\u00f3n Solicitud de Pase A 7 &#8211; Constanciade alumno regular A 8 &#8211; Constancia de asistencia a examenes A 9a &#8211; Constancia de Porcentaje de Materias A 10 &#8211; Certificado Anal\u00edtico de Materias Aprobadas A 11 &#8211; Constancia de observaci\u00f3n o Pr\u00e1cticas A 12 &#8211; Certificado de T\u00edtulo en tr\u00e1mite A 14 &#8211; &#8230; <a title=\"Alumnos &#8211; Formularios\" class=\"read-more\" href=\"https:\/\/isfd2-bue.infd.edu.ar\/sitio\/alumnos-formularios-2\/\" aria-label=\"More on Alumnos &#8211; Formularios\">[+]<\/a><\/p>\n","protected":false},"author":37,"featured_media":0,"parent":0,"menu_order":0,"comment_status":"closed","ping_status":"closed","template":"","meta":[],"acf":[],"_links":{"self":[{"href":"https:\/\/isfd2-bue.infd.edu.ar\/sitio\/wp-json\/wp\/v2\/pages\/1024"}],"collection":[{"href":"https:\/\/isfd2-bue.infd.edu.ar\/sitio\/wp-json\/wp\/v2\/pages"}],"about":[{"href":"https:\/\/isfd2-bue.infd.edu.ar\/sitio\/wp-json\/wp\/v2\/types\/page"}],"author":[{"embeddable":true,"href":"https:\/\/isfd2-bue.infd.edu.ar\/sitio\/wp-json\/wp\/v2\/users\/37"}],"replies":[{"embeddable":true,"href":"https:\/\/isfd2-bue.infd.edu.ar\/sitio\/wp-json\/wp\/v2\/comments?post=1024"}],"version-history":[{"count":6,"href":"https:\/\/isfd2-bue.infd.edu.ar\/sitio\/wp-json\/wp\/v2\/pages\/1024\/revisions"}],"predecessor-version":[{"id":2247,"href":"https:\/\/isfd2-bue.infd.edu.ar\/sitio\/wp-json\/wp\/v2\/pages\/1024\/revisions\/2247"}],"wp:attachment":[{"href":"https:\/\/isfd2-bue.infd.edu.ar\/sitio\/wp-json\/wp\/v2\/media?parent=1024"}],"curies":[{"name":"wp","href":"https:\/\/api.w.org\/{rel}","templated":true}]}}