{"id":318,"date":"2016-10-31T14:20:44","date_gmt":"2016-10-31T17:20:44","guid":{"rendered":"https:\/\/isfd2-bue.infd.edu.ar\/sitio\/?page_id=318"},"modified":"2025-07-18T21:56:49","modified_gmt":"2025-07-19T00:56:49","slug":"contacto","status":"publish","type":"page","link":"https:\/\/isfd2-bue.infd.edu.ar\/sitio\/contacto\/","title":{"rendered":"Asociaci\u00f3n Cooperadora"},"content":{"rendered":"<p>La Asociaci\u00f3n Cooperadora es un espacio de participaci\u00f3n institucional. Sus miembros (padres, docentes, alumnos) son elegidos entre todos los socios una vez al a\u00f1o, en Asamblea Extraordinaria. Para ser socio hay que mantener al d\u00eda la cuota.<\/p>\n<p>La Cooperadora tiene como objetivo trabajar en pos de la mejora de las condiciones edilicias y el sostenimiento econ\u00f3mico de la Unidad Acad\u00e9mica Normal N\u00b02. Aporta los fondos necesarios para los gastos de limpieza, librer\u00eda, mantenimiento edilicio diario, material did\u00e1ctico, insumos para el mantenimiento de computadoras e impresoras, mobiliario, etc.<\/p>\n<p>Se sustenta con el aporte voluntario de los socios y la Comisi\u00f3n Directiva, a partir de elecciones, se encarga de la administraci\u00f3n de estos fondos.<\/p>\n<p>Las Asambleas Anuales (generalmente se desarrollan en mayo) son de car\u00e1cter abierto, por lo tanto,\u00a0 todos los socios pueden asistir a ellas y postularse para formar parte de la Comisi\u00f3n Directiva.\u00a0<\/p>\n<p>Puedes seguir todo el trabajo de la Asociaci\u00f3n cooperadora en su <strong>IG cooperadoran2\u00a0<\/strong>o comunicarte por mail al cooperadoranormal2@gmail.com<\/p>\n<p><strong>La<\/strong> C<strong>omisi\u00f3n Directiva actual est\u00e1 conformada por<\/strong>:<\/p>\n<p>\u00a0<\/p>\n\n\n<figure class=\"wp-block-image size-full\"><img decoding=\"async\" loading=\"lazy\" width=\"1080\" height=\"1080\" src=\"https:\/\/isfd2-bue.infd.edu.ar\/sitio\/wp-content\/uploads\/2025\/07\/Comision-Coope.jpg\" alt=\"\" class=\"wp-image-2269\" srcset=\"https:\/\/isfd2-bue.infd.edu.ar\/sitio\/wp-content\/uploads\/2025\/07\/Comision-Coope.jpg 1080w, https:\/\/isfd2-bue.infd.edu.ar\/sitio\/wp-content\/uploads\/2025\/07\/Comision-Coope-1000x1000.jpg 1000w, https:\/\/isfd2-bue.infd.edu.ar\/sitio\/wp-content\/uploads\/2025\/07\/Comision-Coope-500x500.jpg 500w, https:\/\/isfd2-bue.infd.edu.ar\/sitio\/wp-content\/uploads\/2025\/07\/Comision-Coope-768x768.jpg 768w\" sizes=\"(max-width: 1080px) 100vw, 1080px\" \/><\/figure>\n\n\n\n<p><\/p>\n","protected":false},"excerpt":{"rendered":"<p>La Asociaci\u00f3n Cooperadora es un espacio de participaci\u00f3n institucional. Sus miembros (padres, docentes, alumnos) son elegidos entre todos los socios una vez al a\u00f1o, en Asamblea Extraordinaria. Para ser socio hay que mantener al d\u00eda la cuota. La Cooperadora tiene como objetivo trabajar en pos de la mejora de las condiciones edilicias y el sostenimiento &#8230; <a title=\"Asociaci\u00f3n Cooperadora\" class=\"read-more\" href=\"https:\/\/isfd2-bue.infd.edu.ar\/sitio\/contacto\/\" aria-label=\"More on Asociaci\u00f3n Cooperadora\">[+]<\/a><\/p>\n","protected":false},"author":1,"featured_media":0,"parent":0,"menu_order":0,"comment_status":"closed","ping_status":"closed","template":"","meta":[],"acf":[],"_links":{"self":[{"href":"https:\/\/isfd2-bue.infd.edu.ar\/sitio\/wp-json\/wp\/v2\/pages\/318"}],"collection":[{"href":"https:\/\/isfd2-bue.infd.edu.ar\/sitio\/wp-json\/wp\/v2\/pages"}],"about":[{"href":"https:\/\/isfd2-bue.infd.edu.ar\/sitio\/wp-json\/wp\/v2\/types\/page"}],"author":[{"embeddable":true,"href":"https:\/\/isfd2-bue.infd.edu.ar\/sitio\/wp-json\/wp\/v2\/users\/1"}],"replies":[{"embeddable":true,"href":"https:\/\/isfd2-bue.infd.edu.ar\/sitio\/wp-json\/wp\/v2\/comments?post=318"}],"version-history":[{"count":12,"href":"https:\/\/isfd2-bue.infd.edu.ar\/sitio\/wp-json\/wp\/v2\/pages\/318\/revisions"}],"predecessor-version":[{"id":2272,"href":"https:\/\/isfd2-bue.infd.edu.ar\/sitio\/wp-json\/wp\/v2\/pages\/318\/revisions\/2272"}],"wp:attachment":[{"href":"https:\/\/isfd2-bue.infd.edu.ar\/sitio\/wp-json\/wp\/v2\/media?parent=318"}],"curies":[{"name":"wp","href":"https:\/\/api.w.org\/{rel}","templated":true}]}}